uppose 4*s + r*t - 3048 = 0, 0*s - 3*s + t + 2282 = 0. Is s prime?
True
Let g be (11 - 13)*350/(-4). Let d be 234/(-5 + 2 + 2). Let o = g - d. Is o composite?
False
Let m = -269 - -399. Suppose 2*s = 160 + m. Is s a prime number?
False
Suppose -i = x - 379, -2*x - 1516 = -4*i - 0*i. Suppose m + 0*m = i. Is m composite?
False
Let j(z) = 2*z**3 - 2*z**2 + 29*z + 9. Let i(w) = 3*w - 82. Let r be i(30). Is j(r) a prime number?
False
Let s(z) = -49*z**2 - 14*z - 6. Let d(r) = -10*r**2 - 3*r - 1. Let v(y) = -11*d(y) + 2*s(y). Suppose 0 = -2*x + m - 3*m, -4*x = -4*m - 32. Is v(x) prime?
True
Suppose -4*x = 3*d + 25620, 2 = 3*d - 10. Let i = -3589 - x. Is i composite?
False
Let w be (24/2)/(1*-1). Let b be (-54)/w - 2/(-4). Suppose -5*v = b*q - 725, 3*q + 0 + 12 = 0. Is v a prime number?
True
Suppose 7*x + 5040 = -2*x. Let w = x + 1173. Is w composite?
False
Let w(o) = -23*o + 3. Let a be w(-3). Let l = -2 - -39. Let z = a - l. Is z composite?
True
Let o(h) = h**2 + 2*h - 1. Let w be o(-4). Let c(j) = j**3 - 8*j**2 + 8*j - 5. Let u be c(w). Is -4 - -3 - (-120)/u composite?
False
Is (-2563)/11*(-116)/4 a prime number?
False
Let r(j) = -1377*j + 460. Is r(-3) composite?
False
Let l(s) be the third derivative of -s**5/60 + 2*s**4/3 - s**3/3 + s**2. Let n be l(8). Let z = n + -3. Is z a prime number?
True
Let u be 2 + (-6)/(0 - -3). Suppose u = 26*h - 33*h + 10654. Is h prime?
False
Let u be (54/(-24))/(12/(-32)). Let n(z) = 19*z**3 + z**2 - 13. Is n(u) composite?
False
Suppose 4*b + 3134 = 2*g, -b = g + 3*g + 770. Let m = 1019 - b. Is m composite?
False
Suppose 3*b + b - 596 = 0. Let c(a) = -1 - 2*a - b*a**3 - 23*a**2 + 8*a**2 + 14*a**2. Is c(-1) a composite number?
False
Let w = -10 + 22. Let j = -5 + w. Is 2/7 + 859/j a prime number?
False
Let v(s) = -s**2 - 18*s + 19. Let x be v(-19). Let m(z) = 13*z. Let i be m(3). Suppose -u + j - 5*j + i = x, 3*u = 2*j + 47. Is u composite?
False
Let x = -3 + 8. Let k be (-4)/(x - 1) + 1. Suppose 2*d - 337 - 33 = k. Is d a composite number?
True
Let c be ((-304)/4)/(2 - 4). Let n(g) = -g**2 - 5*g - 2. Let x be n(-4). Suppose 0 = -4*w + x*w + c. Is w composite?
False
Let h(v) = -21*v - 1. Let o be h(-8). Suppose 3*r - 135 = 2*p + 108, 237 = -2*p + 5*r. Let k = o - p. Is k composite?
False
Suppose 10*t = 15*t + 5*b - 148335, 29643 = t - 5*b. Is t composite?
False
Let b be (-3)/(-1)*(178 - -3). Suppose 723 = 6*p - b. Is p a prime number?
True
Let x = -3215 - -9342. Is x a composite number?
True
Let s(i) be the first derivative of 358*i**3/3 + 2*i**2 + 9*i - 33. Is s(-5) prime?
False
Let t(b) = 2*b**3 - 32*b**2 + 6*b + 95. Is t(20) a composite number?
True
Let i = 93750 + -54449. Is i composite?
False
Let g(f) = -413*f - 13. Let x(h) = -414*h - 13. Let t(r) = 6*g(r) - 7*x(r). Is t(4) composite?
False
Suppose 0 = -7*h + 2772 + 9961. Is h composite?
True
Let b be (-3)/(-2)*(-4)/3. Is ((-407)/(-3))/(b/(-6)) composite?
True
Suppose 3*z = 107 + 481. Let k = 2 + 0. Suppose 2*h - 2*v - 182 - z = 0, -k*h - 5*v = -364. Is h a prime number?
False
Let r(t) = 53*t - 27. Let k be r(7). Let p = k - 145. Is p composite?
False
Let i = -37 - -41. Suppose 0 = -2*n + 2*c + 250, 0*n + i*c = n - 119. Is n prime?
True
Suppose -r = -3*f - 0*r + 3, 5*f = -r + 13. Suppose -4*m - 3*n - 297 = f*n, -4*n = 5*m + 360. Is m/51 - (-565)/3 a composite number?
True
Let r = -1775 + 3284. Suppose 0 = -11*u + 8*u + r. Let n = u + -172. Is n composite?
False
Let n = -19 - -13. Is 3/n - (-255)/2 a prime number?
True
Suppose 5*m - 357 - 2374 = -4*u, 5*u - 3*m - 3423 = 0. Suppose -41*z + 1849 = -4*c - 42*z, -5*c = 5*z + 2330. Let v = u + c. Is v composite?
False
Let o(z) = -2*z + 10. Let x be o(9). Let q(p) = -2*p**2 - 9*p + 8. Let t be q(x). Let b = 49 - t. Is b a composite number?
False
Suppose -2*w - 3876 - 1648 = 0. Let h = 4600 + w. Is h a prime number?
False
Let d(r) = -4875*r - 94. Is d(-7) a prime number?
True
Is 1 + (-5 + -23)/(-7) + 3500 a composite number?
True
Let w(k) = -k + 4. Let z be w(4). Suppose -2*h + 687 - 59 = z. Suppose 0 = -g - g + h. Is g a prime number?
True
Let m(w) = -w**2 + w - 2. Let v be m(-8). Let c be v/3*(-9)/6. Suppose -p = -r - c - 21, -2*p + 4*r + 126 = 0. Is p prime?
True
Let t(s) = 354*s**3 + 2*s**2 + 4*s - 13. Is t(4) a composite number?
False
Suppose 4*v = -3476 + 12120. Is v a composite number?
False
Let r(g) be the third derivative of 138*g**5/5 + g**4/12 - g**3/6 + 22*g**2. Is r(1) prime?
True
Suppose -h = -6*h + 1895. Suppose h = -5*p + 1044. Is p a prime number?
False
Suppose 0 = -2*c + 4*a, c + 2*c = -3*a + 9. Let f(z) = 523*z - 3. Is f(c) a composite number?
True
Let i be 86/18 + (-4)/(-18). Let p = i + 24. Suppose -431 = -4*k + p. Is k composite?
True
Suppose -44 = 11*u - 15*u. Let h be 29/2*(22 + 2). Suppose -u*z - h = -15*z. Is z a prime number?
False
Suppose -5 - 21 = -a + 3*n, 2*a - 36 = 2*n. Suppose 3*l - a = g, -3*l + 22 = -2*g + l. Is g + 4 + 20 - 0 prime?
True
Suppose 0 = 2*d - d + 1. Is 70146/36 - d/2 a prime number?
True
Let m = -4406 + 12465. Is m composite?
False
Let k be ((-22)/(-4))/((-1)/(-10)). Suppose 6 = 2*n, -5*n + k = -w - 5. Let h = 110 + w. Is h prime?
False
Let t(u) = -20*u**3 + 6*u**2 - 4*u - 9. Let b be t(-5). Let o = b + -1546. Is o a prime number?
False
Let b = -61 + 58. Is (-35252)/(-112) + b/8*2 prime?
False
Suppose 459735 - 39590 = 11*b. Is b a composite number?
True
Suppose 14*s = 4*s + 59110. Suppose -3*x - 4*a = -s, 2709 = 2*x - 5*a - 1247. Is x composite?
False
Let g be (-119)/(-13) + (-14)/91. Let b(o) = o**2 + 10*o - 30. Is b(g) a prime number?
False
Suppose 6*h + 3*q = h + 16, 2*h = -2*q + 4. Suppose 0 = -0*i - h*i + 3445. Is i composite?
True
Let a(g) = -g**2 - 7*g - 2. Let r be a(-8). Let b(z) = z + 2*z**2 - 2*z + 1 + 2*z. Is b(r) a prime number?
True
Is (-1 - -5653)/3 + -1 prime?
False
Suppose -3*g + 4*t + 66721 = 0, t = -4*g + 2*t + 88983. Is g composite?
False
Let w be (6/(-8))/((-1)/4). Suppose w*v - 477 = -3*p + 5*p, -483 = -3*v + 4*p. Is v prime?
True
Suppose w - 304 - 253 = 0. Is w prime?
True
Suppose -21*u + 600 = -2067. Is u composite?
False
Let a(j) = j**3 + 4*j**2 + 2*j - 2. Let k be a(-2). Is -2*(0 - 1) + 1038/k a composite number?
False
Suppose 85 = 7*u - 2*u. Suppose l - u = 76. Is l a composite number?
True
Let s(b) = b**3 + 22*b**2 - 76*b + 59. Let z be s(-25). Let o = -4 - -8. Suppose o*p - 275 = -5*h, h - 2*p = 3*p + z. Is h a prime number?
True
Suppose -3*w - 892 = -7*w. Suppose 2*x - w = 43. Is x prime?
False
Let y = 32 - 93. Suppose -3*d - 5*l + 64 = -0*l, 0 = 4*d + 2*l - 62. Let j = d - y. Is j a composite number?
True
Is (-10)/(-35) + (-47)/(-7) + 54594 prime?
True
Let s = -1025 - -1548. Suppose 5*k - s = 4*x, 0 = -k + 3*x - 32 + 141. Is k prime?
True
Suppose 3*f = 2359 + 578. Is f a composite number?
True
Let i = -12307 + 65278. Is i composite?
True
Let x be 6 - (-5)/((-10)/8). Suppose -x*n = -w + 5*w - 690, n + w = 346. Suppose -g - 13 = -4*k - 96, -4*g + k = -n. Is g a prime number?
False
Let p = -6 + 8. Let t(g) = 3*g**2 - 5*g**2 - 7*g + p*g**2 + 7 + 2*g**2. Is t(5) composite?
True
Let d(r) = 5*r**2 - 2*r + 1. Let p(q) = 9*q**2 - 4*q + 2. Let v(z) = 7*d(z) - 4*p(z). Let b be v(2). Let g = b - -220. Is g a composite number?
True
Suppose -2*b = -4*s - 8798, 5*s - 1002 - 3432 = -b. Is b prime?
True
Let o(d) = 2*d - 26. Let y be o(12). Let i be 0 + (2 - (y + 0)). Is 67*i/(7 + -3) a composite number?
False
Let y(f) = 267*f - 193. Is y(28) a prime number?
True
Suppose 1 = -4*q + 13. Suppose d + 0*y + q*y - 392 = 0, -2*d + 5*y + 740 = 0. Suppose -6*i + d = -3*i + s, 4*i = 5*s + 513. Is i a composite number?
False
Let y = -7 - -9. Suppose -4*t = -0*t - 4*d + 2832, y*d - 6 = 0. Is (1/3)/((-5)/t) a prime number?
True
Let f be (-5)/5 + 2 + 7. Suppose -7*r - 10 = -f*r. Is r/(-5) + (39 - 0) composite?
False
Let f(y) = -1695*y**3 + 5*y**2 - y - 5. Is f(-2) prime?
True
Let f = 867 - 571. Suppose -f - 225 = -h. Is h prime?
True
Let j(k) = k - 5. Let y be j(7). Suppose 9 = y*h + 3. Is (2/6)/(h/873) composite?
False
Let q(y) = -y - 1. Let h(g) = 8*g**2 + 2*g + 7. Let i(n) = -16*n**2 - 4*n - 15. Let c(l) = 9*h(l) + 4*i(l). Let z(o) = c(o) - 6*q(o). Is z(-6) a prime number?
False
Let g be (-18)/(-45) + -1*2444/10. Let i = g - -493. Is i composite?
True
Suppose -